c - 25 = -0*c - 5*o. What is the highest common divisor of v and c?
15
Suppose -2*z + 0 - 2 = 0. Let a(d) = -d + 1. Let b be a(z). Suppose 2 - 4 = -b*y. What is the greatest common divisor of y and 3?
1
Let b = 33 + -33. Suppose -9*m + 12 + 177 = b. What is the highest common factor of 63 and m?
21
Suppose 5*i - 4*s = 25, -3*s = -2*i - 2*i + 21. Let q = i + -6. Let a(r) = -36*r - 9. Let f be a(-1). What is the greatest common divisor of q and f?
3
Suppose -3*x = 2*i - 66, x + i - 22 = -4*i. Let f be 24 - 22 - (-174)/1. Calculate the highest common factor of f and x.
22
Let b be 4 + (-5 + (-120)/(-18))*54. Calculate the greatest common divisor of 846 and b.
94
Let g = 23 - 20. Suppose -g*x + 6 = 3*x. Let f = -5 - -7. Calculate the greatest common divisor of f and x.
1
Let l = 2145 + -2132. Suppose -2*w = n - 79, -5*w + 240 = -5*n + 50. What is the highest common divisor of w and l?
13
Suppose 5*k - 7 = -2*j, -1 = 2*k + 2*k - 5*j. Suppose 2*y + 0 = 30. Suppose 2 = -f, -5 = 2*r - 3*f - y. What is the highest common divisor of k and r?
1
Let i(c) = c**2 - 13*c + 44. Let k be i(6). Let h(v) = -v + 1. Let n be h(-2). Suppose n*s - 14 = -5. Calculate the highest common factor of k and s.
1
Let h = -57 - -43. Let d = h - -28. Calculate the highest common divisor of 14 and d.
14
Suppose 2*w + 5*h - 75 = 0, 3*w - 3*h - 89 = -8. Suppose -5*c = -10*c + w. What is the greatest common divisor of 2 and c?
2
Let u = 547 - 521. Calculate the highest common factor of 663 and u.
13
Let i be 23/(-7) - (-2 - (-12)/7). Let p be (12 - -13) + i/((-6)/4). What is the greatest common factor of p and 27?
27
Suppose -4*w = w - 150. Suppose 3*z - 250 = -2*z. Suppose 0 = 10*y - 15*y + z. What is the highest common factor of w and y?
10
Let o = 23 + -28. Let a = 8 - o. What is the greatest common factor of 26 and a?
13
Let r = -3 + 15. Suppose -r = 5*z - 47. Let q be z + (-4)/(1*-4). Calculate the greatest common divisor of 64 and q.
8
Let n = 159 + -119. Calculate the greatest common divisor of n and 40.
40
Let b(s) = -62*s + 420. Let g be b(-6). Calculate the greatest common factor of g and 660.
132
Let q = -6 + 6. Let s be q + (-3 - (-86 + 3)). Suppose 0 = -o - 4*o + s. What is the highest common factor of 48 and o?
16
Suppose 3*t + 2 = 3*r + 26, 19 = 2*t + r. Suppose 0 = -x + t + 1. Let h = 31 - 16. What is the greatest common divisor of x and h?
5
Let v be 18/(-12)*2 - -51. What is the greatest common divisor of v and 72?
24
Let z = 1708 - 1676. Calculate the greatest common divisor of z and 1.
1
Suppose -234 = -3*x - 42. Calculate the highest common factor of 512 and x.
64
Suppose 14*t = 18*t - 336. Calculate the greatest common factor of t and 924.
84
Suppose 0 = 4*v - 3*v + 78. Let b be 1 + 0/2 - (v + 4). What is the highest common factor of 30 and b?
15
Let c be ((-6)/12)/((-1)/10). Suppose -c*h + 3*v = 0, h = 3*v + 2*v - 22. Let n be 15*((-9)/(-3))/3. Calculate the greatest common factor of n and h.
3
Let r = -168 - -498. Calculate the greatest common divisor of 132 and r.
66
Let c(d) = 19*d - 55. Let y be 3/(-2 - (-11)/4). Let x be c(y). Let m be 1054/10 + 2/(-5). Calculate the greatest common divisor of m and x.
21
Let p(g) = -g**2 - 7*g - 9. Let k be p(-6). Let a be (-216)/k + 0/(-2). What is the highest common factor of 48 and a?
24
Let o(n) = -4*n - 11. Let l be o(-8). Suppose 5*v + 2*s - 47 - 15 = 0, -s = -5*v + 74. What is the highest common factor of l and v?
7
Let t = -6 - -8. Calculate the greatest common divisor of 21 and t.
1
Let t = 81 + -15. Let v be -1 - 2*(-14)/4. What is the highest common divisor of t and v?
6
Let f = 27 + -22. Suppose f*b + g + 70 = 228, -5*b - 5*g + 170 = 0. What is the greatest common divisor of b and 62?
31
Let a = -7 - -22. Suppose -a = 4*s - 7*s. Calculate the greatest common factor of 45 and s.
5
Let u(a) = a**2 - 17. Let v be u(-4). Let b(s) = 0*s**2 + 8*s**2 + 1 + 5*s**2 - s. Let g be b(v). What is the highest common factor of g and 5?
5
Suppose 575 = 5*w - 335. What is the greatest common divisor of w and 78?
26
Suppose 5*m - 10 = 0, 5*m - m = 3*d - 25. Let c = d - -1. What is the greatest common factor of c and 18?
6
Let m(u) = 65 - 5*u**2 + 4*u**2 - 17*u - 24. Let i be m(-19). What is the highest common divisor of i and 21?
3
Suppose -3*y + 29 = -5*s, s - 28 = -0*y - 2*y. Suppose -5*h + 2 + y = 0. Suppose 63 - 12 = h*j. What is the greatest common divisor of j and 119?
17
Let r(g) = 2*g**2 - 46*g - 46. Let f be r(28). What is the greatest common factor of 26 and f?
26
Suppose 4*d + p = 147, 7*d - 3*d + 3*p - 153 = 0. What is the highest common divisor of d and 36?
36
Suppose 4*d + 21 = 5*d. Let r = -62 + 65. Calculate the greatest common divisor of r and d.
3
Let i be 100/6 - (-2)/(-3). Let q = 90 + -88. Calculate the highest common factor of q and i.
2
Let c be (-12)/((-2)/(160/3)). Suppose 7*h - 115 - 165 = 0. Calculate the greatest common factor of c and h.
40
Let t be ((-6)/(-3))/(2/32). Let w = -20 - -25. Suppose w*m - 8*m = -24. What is the highest common divisor of t and m?
8
Let r be ((-6)/4)/(3/(-16)). Let l = 14 - 10. Suppose 4*f - 2*c + 0*c - 4 = 0, -l = -4*f - 2*c. What is the highest common divisor of r and f?
1
Suppose 22*j = 13*j + 81. Let x = -3 - -6. Let g be -9*(-1 - (-2)/x). Calculate the greatest common factor of j and g.
3
Suppose 8*x + x = 63. What is the highest common factor of 112 and x?
7
Let a be (60/(-48))/(1/(-24)). Let v(s) = s**2 - 5*s + 2. Let m be v(5). Suppose 5*n - m*n = 720. What is the greatest common divisor of n and a?
30
Suppose -4*j + 5*q + 404 = 8*q, 2*q - 8 = 0. What is the greatest common divisor of j and 98?
98
Let n = 23 - 44. Let l = 30 + n. Calculate the greatest common divisor of l and 63.
9
Let w(u) = -u**3 - 23*u**2 + 21*u + 19. Let r be w(-24). Calculate the greatest common divisor of 65 and r.
13
Let g(x) = -x**3 - x**2 + 2*x + 85. Let c be g(0). Calculate the highest common divisor of 136 and c.
17
Suppose -3*w = -s - s - 85, 2*s + 114 = 4*w. What is the greatest common factor of 493 and w?
29
Suppose -u + 5*u - 80 = 0. Suppose -u = -3*y + 4. Suppose 0 = f - 10 - y. What is the greatest common divisor of f and 126?
18
Suppose -21*c = -15*c - 2640. What is the highest common divisor of 80 and c?
40
Suppose 8*g = -20*g + 392. Calculate the highest common divisor of g and 609.
7
Let j(i) = 87*i - 6. Let s(k) = 87*k - 5. Let t(z) = -4*j(z) + 5*s(z). Let u be t(1). Suppose -5 = -7*l + u. Calculate the highest common divisor of 143 and l.
13
Let z(w) = -w**2 - 6*w - 6. Let g be z(-4). Suppose 0*j + 156 = g*j. Calculate the highest common divisor of 52 and j.
26
Let m = -621 - -909. Suppose 4*f + m = -648. Let k be f/(-10) - 6/(-10). Calculate the greatest common factor of k and 16.
8
Let j = 19 - 12. Let f be j/3 - (-7)/(-21). Let p be f/(-11) - 492/(-44). What is the greatest common factor of 55 and p?
11
Suppose -109 = -8*b - 5. Calculate the highest common divisor of 39 and b.
13
Suppose 1854*t - 119 = 1853*t. Calculate the greatest common factor of t and 374.
17
Let s(k) = 9 + 20*k**2 + 9 - 6*k - 19*k**2. Let j be s(4). Calculate the greatest common divisor of 40 and j.
10
Suppose -2*g = g + 9. Let c be 5/g*(-9 + 3). Suppose -5*f = x - c, 0 = -4*f - x - 2*x - 3. What is the greatest common factor of f and 9?
3
Let m(j) = 2*j**2 + 9*j - 17. Let f be m(-8). Calculate the highest common divisor of f and 3.
3
Suppose -l + 27 = m - 4*l, 4*l + 132 = 4*m. Calculate the greatest common divisor of m and 168.
12
Let m be (168 - 1) + -10 + (-21)/(-3). Suppose 0*q + q - 28 = 2*v, 5*v - m = -4*q. What is the greatest common divisor of 4 and q?
4
Let d(n) = -n + 3*n**3 - 2*n**2 - n + n**2 + 2*n**2 - 3. Let i be d(3). Suppose -5*q = 3*b - 55, 5*q - b = i - 6. What is the highest common factor of q and 35?
7
Let p(b) = 33*b**2 - b + 3. Let q be p(3). Suppose -q = -s - 2*s. Suppose 0 = -4*d + t + 32, 4*d + t = 40 - 0. Calculate the highest common divisor of d and s.
9
Suppose -1 - 79 = -8*q. What is the highest common factor of 255 and q?
5
Let q = -282 + 367. Suppose -2*k - 28 = -2*l, l - 40 = 2*k + 3*l. Let i be (k/2)/((-3)/6). What is the greatest common divisor of i and q?
17
Let n = -5 + 11. Suppose 5*z + 8 = 9*z. Suppose -4*r = -3*a - 228, -108 = -z*r - 0*r + 3*a. What is 